ivide 470755238?
False
Is 134 a factor of 659265662?
True
Does 18 divide 17157203?
False
Is 169 a factor of 5619109?
False
Does 22 divide 75121171?
False
Is 33306030 a multiple of 21?
False
Is 108 a factor of 563975460?
True
Does 15 divide 1687663?
False
Is 78406922 a multiple of 11?
True
Does 686 divide 76375810?
True
Is 30 a factor of 18160467?
False
Is 14 a factor of 903190253?
False
Does 662 divide 15884690?
True
Is 126 a factor of 3792069592?
False
Is 482 a factor of 171243996?
True
Is 28891772 a multiple of 119?
True
Is 69035832 a multiple of 2476?
True
Does 9 divide 280020825?
True
Is 19965509 a multiple of 2608?
False
Is 43526324 a multiple of 799?
True
Is 210269563 a multiple of 4?
False
Is 31065676 a multiple of 368?
False
Does 920 divide 124136520?
True
Is 811 a factor of 141518689?
True
Is 497 a factor of 3237515471?
False
Is 17 a factor of 1026054601?
True
Does 348 divide 29390340?
True
Is 934454794 a multiple of 7?
True
Is 208884681 a multiple of 148?
False
Is 2246 a factor of 38732270?
True
Is 49856476 a multiple of 120?
False
Does 6 divide 32996904?
True
Does 433 divide 1850902936?
False
Is 639 a factor of 409971988?
False
Is 356288939 a multiple of 7617?
False
Does 57 divide 12709290?
True
Is 99 a factor of 6020536?
False
Does 431 divide 30039838?
True
Is 56 a factor of 188709864?
True
Is 5 a factor of 7559791?
False
Is 2009965199 a multiple of 56?
False
Is 15 a factor of 590974434?
False
Is 164517584 a multiple of 308?
True
Is 972 a factor of 1375134612?
False
Is 1589 a factor of 3230437?
True
Does 731 divide 168560559?
True
Does 28 divide 51421139?
False
Does 19 divide 25870010?
False
Is 732 a factor of 39872772?
True
Is 2798 a factor of 43531284?
True
Is 3994 a factor of 374197876?
False
Is 3 a factor of 1032004788?
True
Is 21188275 a multiple of 268?
False
Is 144968052 a multiple of 10?
False
Is 2914415872 a multiple of 1334?
False
Is 243 a factor of 16613969?
False
Does 87 divide 26112441?
True
Does 22 divide 143688028?
True
Is 53520390 a multiple of 1386?
True
Is 26735865 a multiple of 17?
False
Is 20379065 a multiple of 103?
True
Does 63 divide 1180649799?
True
Is 1620 a factor of 181280082?
False
Is 1932470764 a multiple of 2862?
False
Does 618 divide 1702012170?
True
Is 105852653 a multiple of 3841?
False
Is 120 a factor of 50546640?
True
Is 585210749 a multiple of 29?
True
Is 2064 a factor of 34307808?
True
Is 175 a factor of 1293101565?
False
Is 1479242 a multiple of 3?
False
Is 330715310 a multiple of 2570?
True
Does 8 divide 36000895?
False
Is 875332 a multiple of 4?
True
Is 64 a factor of 230959168?
True
Does 30 divide 15896773?
False
Is 464 a factor of 139646230?
False
Does 11 divide 22483263?
True
Is 126259865 a multiple of 88?
False
Is 2788849602 a multiple of 7938?
True
Is 44586360 a multiple of 780?
True
Is 16 a factor of 4728616?
False
Is 9189184 a multiple of 1539?
False
Is 6449 a factor of 171143562?
True
Is 300 a factor of 4412495?
False
Is 1864 a factor of 1185641514?
False
Does 139 divide 70856128?
False
Is 113617753 a multiple of 73?
False
Does 108 divide 9643198?
False
Does 260 divide 13518510?
False
Is 269 a factor of 14525851?
False
Is 235072719 a multiple of 207?
True
Is 4 a factor of 164844463?
False
Is 21 a factor of 97451991?
True
Is 253438342 a multiple of 869?
False
Is 92 a factor of 5459462?
False
Does 507 divide 23182486?
False
Is 8 a factor of 57617087?
False
Does 3005 divide 2249510032?
False
Does 340 divide 5219680?
True
Is 3256503 a multiple of 3?
True
Is 7 a factor of 31333219?
False
Is 3427 a factor of 268485109?
False
Is 251 a factor of 32964795?
False
Is 830358407 a multiple of 790?
False
Does 3 divide 57060577?
False
Is 10 a factor of 6810442?
False
Does 24 divide 9569616?
True
Is 112085250 a multiple of 13?
False
Does 4 divide 11672675?
False
Is 24 a factor of 17616029?
False
Is 368 a factor of 494664501?
False
Does 295 divide 175955405?
True
Does 206 divide 874690602?
False
Is 3436966803 a multiple of 10?
False
Is 16872025 a multiple of 606?
False
Does 13 divide 48720009?
True
Is 23173825 a multiple of 1760?
False
Is 53564720 a multiple of 10?
True
Does 1757 divide 5911141?
False
Is 472 a factor of 99046249?
False
Is 95 a factor of 481997213?
False
Is 49 a factor of 43712842?
False
Is 332 a factor of 194602132?
True
Does 36 divide 59505336?
True
Is 66619708 a multiple of 65?
False
Does 81 divide 7869717?
True
Is 173 a factor of 312370268?
False
Does 281 divide 168187211?
True
Is 435972344 a multiple of 527?
True
Does 65 divide 30645485?
True
Is 212 a factor of 100095699?
False
Is 287904597 a multiple of 11?
False
Is 63948468 a multiple of 6?
True
Does 402 divide 93726224?
False
Is 10 a factor of 240943280?
True
Is 180479529 a multiple of 287?
False
Does 12 divide 4773278333?
False
Does 14 divide 204609790?
True
Does 5859 divide 1973831883?
False
Is 80863665 a multiple of 15?
True
Is 15 a factor of 1595514060?
True
Is 1127 a factor of 8533991?
False
Does 2162 divide 2166081899?
False
Is 16 a factor of 30189644?
False
Is 152866848 a multiple of 680?
False
Does 6 divide 383311392?
True
Is 324 a factor of 3322753300?
False
Does 24 divide 2014525630?
False
Is 25324234 a multiple of 33?
False
Does 7 divide 39768596?
True
Does 186 divide 77218086?
True
Is 17 a factor of 256732623?
True
Does 2235 divide 18722773?
False
Is 5 a factor of 462892293?
False
Does 73 divide 1588888454?
False
Is 629 a factor of 83825999?
False
Is 333608320 a multiple of 1915?
True
Is 504 a factor of 15315552?
True
Does 682 divide 298019072?
False
Does 2637 divide 42248035?
False
Is 35799137 a multiple of 51?
False
Does 665 divide 181093465?
True
Does 31 divide 4620835?
False
Is 97 a factor of 6366786?
False
Does 8880 divide 738949200?
True
Is 1332804642 a multiple of 13?
True
Is 167869616 a multiple of 508?
True
Is 11 a factor of 263926701?
False
Is 205471568 a multiple of 3?
False
Is 3366289831 a multiple of 7?
False
Is 20 a factor of 714317418?
False
Does 43 divide 352561084?
False
Is 1019709260 a multiple of 20?
True
Is 2065 a factor of 217857500?
True
Does 586 divide 10218668?
True
Is 282738463 a multiple of 1061?
True
Is 63 a factor of 63072?
False
Does 6 divide 65366676?
True
Is 33 a factor of 729846348?
True
Does 13 divide 668927110?
False
Does 378 divide 265830012?
True
Is 149 a factor of 5114676?
False
Is 1123894208 a multiple of 4?
True
Is 24006606 a multiple of 26?
True
Does 585 divide 518011065?
True
Is 476 a factor of 183121327?
False
Does 21 divide 176046979?
False
Is 24 a factor of 328840299?
False
Does 1863 divide 148736331?
True
Is 396044888 a multiple of 2092?
True
Does 10 divide 65100830?
True
Is 46702683 a multiple of 237?
False
Does 10 divide 373324310?
True
Is 4379 a factor of 3590871918?
False
Is 89835945 a multiple of 889?
False
Is 203013927 a multiple of 625?
False
Does 711 divide 40989861?
True
Is 65795332 a multiple of 10?
False
Is 180 a factor of 78755580?
True
Is 176980421 a multiple of 74?
False
Does 1810 divide 126052020?
True
Is 155250758 a multiple of 1518?
False
Is 253 a factor of 26936745?
False
Is 40903866 a multiple of 54?
True
Is 27 a factor of 2218999?
False
Does 20 divide 33043420?
True
Is 30665051 a multiple of 541?
False
Is 64 a factor of 79031398?
False
Does 421 divide 101636136?
True
Is 45 a factor of 692564778?
False
Does 2279 divide 681849452?
True
Is 3264454806 a multiple of 50?
False
Is 50631810 a multiple of 15?
True
Is 31 a factor of 72850063?
False
Is 509 a factor of 17679782?
False
Does 53 divide 5654201?
False
Does 46 divide 2588500884?
False
Is 71 a factor of 167958128?
False
Does 76 divide 11842201?
False
Is 708571920 a multiple of 2946?
True
Does 8 divide 288718632?
True
Does 353 divide 656495916?
False
Is 207458244 a multiple of 21?
True
Is 261688658 a multiple of 152?
False
Does 786 divide 2160151966?
False
Does 11 divide 1656544465?
False
Is 111837126 a multiple of 983?
False
Is 4 a factor of 7190887?
False
Does 469 divide 436569119?
True
Is 7500 a factor of 1412227588?
False
Is 202449853 a multiple of 419?
False
Is 662 a factor of 36663546?
True
Is 38639808 a multiple of 144?
True
Is 1191 a factor of 22511091?
True
Does 382 divide 200411716?
True
Is 1543775040 a multiple of 2308?
True
Is 278163378 a multiple of 20?
False
Is 503 a factor of 18636707